emainder when 415611 is divided by 7421.
35
Calculate the remainder when 4867192 is divided by 4225.
4217
What is the remainder when 413268 is divided by 21696?
1044
Calculate the remainder when 1527959 is divided by 29956.
203
What is the remainder when 107179934 is divided by 2404?
2402
Calculate the remainder when 116848 is divided by 187.
160
What is the remainder when 259307 is divided by 64821?
23
Calculate the remainder when 12240175 is divided by 42.
31
What is the remainder when 10457755 is divided by 258?
241
What is the remainder when 14022365 is divided by 7011169?
27
Calculate the remainder when 74390 is divided by 12362.
218
What is the remainder when 932913 is divided by 863?
10
Calculate the remainder when 706300 is divided by 706244.
56
Calculate the remainder when 162755 is divided by 20314.
243
Calculate the remainder when 36440 is divided by 16858.
2724
What is the remainder when 74523 is divided by 37184?
155
What is the remainder when 10624638 is divided by 213?
198
Calculate the remainder when 486653 is divided by 23.
19
Calculate the remainder when 2584075 is divided by 646013.
23
Calculate the remainder when 18058797 is divided by 3576.
3573
Calculate the remainder when 241482 is divided by 23724.
4242
What is the remainder when 9074745 is divided by 10383?
3
What is the remainder when 294358 is divided by 5876?
558
Calculate the remainder when 173897 is divided by 499.
245
What is the remainder when 679456 is divided by 52?
24
What is the remainder when 1092447 is divided by 20228?
135
Calculate the remainder when 2072628 is divided by 2072015.
613
Calculate the remainder when 493193 is divided by 246537.
119
What is the remainder when 1035044213 is divided by 148?
145
What is the remainder when 72587249 is divided by 250?
249
What is the remainder when 1244120 is divided by 622047?
26
Calculate the remainder when 14090947 is divided by 32.
3
What is the remainder when 13408812 is divided by 67044?
12
What is the remainder when 2033116 is divided by 1016543?
30
What is the remainder when 14300 is divided by 2510?
1750
What is the remainder when 24871395 is divided by 731511?
21
What is the remainder when 52983 is divided by 219?
204
What is the remainder when 19146 is divided by 9253?
640
What is the remainder when 218356 is divided by 44?
28
Calculate the remainder when 17778024 is divided by 378255.
39
Calculate the remainder when 46427757 is divided by 53.
22
What is the remainder when 6533788 is divided by 1633410?
148
Calculate the remainder when 1409165 is divided by 469689.
98
What is the remainder when 916531 is divided by 230?
211
Calculate the remainder when 369612 is divided by 19077.
7149
What is the remainder when 21620507 is divided by 4?
3
Calculate the remainder when 272112 is divided by 1573.
1556
Calculate the remainder when 2195178 is divided by 349.
317
What is the remainder when 19531059 is divided by 747?
744
What is the remainder when 131649 is divided by 21941?
3
What is the remainder when 113052041 is divided by 531?
17
Calculate the remainder when 5111019 is divided by 26345.
89
Calculate the remainder when 109314 is divided by 1122.
480
What is the remainder when 109073 is divided by 107856?
1217
Calculate the remainder when 80390367 is divided by 482.
479
Calculate the remainder when 1668607 is divided by 874.
141
What is the remainder when 145863 is divided by 2084?
2067
What is the remainder when 3893406 is divided by 259559?
21
Calculate the remainder when 2205121 is divided by 25058.
17
Calculate the remainder when 657639 is divided by 73036.
315
Calculate the remainder when 2338489 is divided by 584546.
305
Calculate the remainder when 35497723 is divided by 131.
129
What is the remainder when 2513999 is divided by 184?
7
Calculate the remainder when 1509067 is divided by 41.
21
Calculate the remainder when 816521892 is divided by 7.
4
Calculate the remainder when 266287 is divided by 1830.
937
What is the remainder when 8012 is divided by 900?
812
Calculate the remainder when 486317 is divided by 1186.
57
What is the remainder when 6220772 is divided by 40?
12
What is the remainder when 50869165 is divided by 14?
11
What is the remainder when 31606181 is divided by 112?
5
What is the remainder when 16624343 is divided by 556?
499
What is the remainder when 34132895 is divided by 70815?
65
What is the remainder when 272836 is divided by 1404?
460
Calculate the remainder when 9784923 is divided by 2.
1
What is the remainder when 157911 is divided by 892?
27
What is the remainder when 3607613 is divided by 128843?
9
Calculate the remainder when 105992 is divided by 34686.
1934
What is the remainder when 1244586 is divided by 1350?
1236
Calculate the remainder when 14153326 is divided by 28.
26
Calculate the remainder when 1101410 is divided by 137466.
1682
What is the remainder when 95483 is divided by 95422?
61
Calculate the remainder when 2586265 is divided by 7067.
6810
Calculate the remainder when 7399828 is divided by 118.
48
Calculate the remainder when 537103 is divided by 143.
138
What is the remainder when 750739 is divided by 250004?
727
Calculate the remainder when 2377336 is divided by 148568.
248
Calculate the remainder when 648859 is divided by 2163.
2122
Calculate the remainder when 534029486 is divided by 261.
257
Calculate the remainder when 56373 is divided by 558.
15
Calculate the remainder when 46084576 is divided by 77.
76
What is the remainder when 1187585 is divided by 39586?
5
Calculate the remainder when 1971826 is divided by 34.
30
Calculate the remainder when 2106466 is divided by 4530.
16
What is the remainder when 6590157 is divided by 5023?
5004
Calculate the remainder when 2455612 is divided by 637.
614
What is the remainder when 2997533 is divided by 1170?
1163
What is the remainder when 305873 is divided by 101905?
158
Calculate the remainder when 156493 is divided by 20.
13
Calculate the remainder when 15199112 is divided by 636.
620
What is the remainder when 675693 is divided by 168922?
5
What is the remainder when 5619478 is divided by 337?
3
What is the remainder when 12939547 is divided by 616168?
19
Calculate the remainder when 10504 is divided by 1376.
872
Calculate the remainder when 411228 is divided by 205464.
300
Calculate the remainder when 7699177 is divided by 414.
19
What is the remainder when 143691 is divided by 140?
51
What is the remainder when 139002796 is divided by 2612?
2604
Calculate the remainder when 15973686 is divided by 1191.
1185
What is the remainder when 577235 is divided by 27187?
6308
Calculate the remainder when 1597375 is divided by 93961.
38
Calculate the remainder when 27906 is divided by 2256.
834
Calculate the remainder when 56108627 is divided by 1310.
17
Calculate the remainder when 75645 is divided by 394.
391
Calculate the remainder when 818862 is divided by 51177.
30
Calculate the remainder when 3310836 is divided by 481.
113
Calculate the remainder when 23827 is divided by 7935.
22
Calculate the remainder when 591333 is divided by 23650.
83
Calculate the remainder when 934957 is divided by 11130.
37
Calculate the remainder when 201096 is divided by 1435.
196
What is the remainder when 73616 is divided by 73365?
251
Calculate the remainder when 511408128 is divided by 41.
40
Calculate the remainder when 8726350 is divided by 216.
166
Calculate the remainder when 69862 is divided by 17429.
146
Calculate the remainder when 97944063 is divided by 486.
483
Calculate the remainder when 3166124 is divided by 17022.
32
What is the remainder when 1568548 is divided by 783928?
692
Calculate the remainder when 1021727 is divided by 106.
99
What is the remainder when 44359872 is divided by 1058?
48
What is the remainder when 1534890 is divided by 216?
210
What is the remainder when 17729167 is divided by 805871?
5
What is the remainder when 15427547 is divided by 120?
107
Calculate the remainder when 1306081 is divided by 1083.
1066
Calculate the remainder when 3126869 is divided by 86.
81
What is the remainder when 800920 is divided by 114416?
8
Calculate the remainder when 3276615 is divided by 37.
6
Calculate the remainder when 3128560 is divided by 537.
535
What is the remainder when 1818320 is divided by 181824